{"id":856,"date":"2020-03-11T11:52:46","date_gmt":"2020-03-11T11:52:46","guid":{"rendered":"http:\/\/aragonnatural.lenguasdearagon.org\/?post_type=project&#038;p=856"},"modified":"2020-07-15T14:10:39","modified_gmt":"2020-07-15T14:10:39","slug":"erithacus-rubecula","status":"publish","type":"project","link":"https:\/\/aragonnatural.lenguasdearagon.org\/index.php\/project\/erithacus-rubecula\/","title":{"rendered":"Erithacus rubecula"},"content":{"rendered":"<p>[et_pb_section fb_built=\u00bb1&#8243; fullwidth=\u00bbon\u00bb _builder_version=\u00bb4.3.4&#8243; use_background_color_gradient=\u00bbon\u00bb background_image=\u00bbhttps:\/\/aragonnatural.lenguasdearagon.org\/wp-content\/uploads\/2020\/03\/robin-2854133.jpeg\u00bb parallax=\u00bbon\u00bb custom_padding=\u00bb||347px|||\u00bb][\/et_pb_section][et_pb_section fb_built=\u00bb1&#8243; _builder_version=\u00bb4.3.4&#8243; background_color=\u00bb#685e57&#8243;][et_pb_row column_structure=\u00bb1_2,1_2&#8243; _builder_version=\u00bb4.3.4&#8243;][et_pb_column type=\u00bb1_2&#8243; _builder_version=\u00bb4.3.4&#8243;][et_pb_text _builder_version=\u00bb4.3.4&#8243;]<\/p>\n<div class=\"et_pb_module et_pb_text et_pb_text_0  et_pb_text_align_left et_pb_bg_layout_light\">\n<div class=\"et_pb_text_inner\">\n<h3><span style=\"color: #ffffff;\"><i>Erithacus rubecula <\/i>L.<\/span><\/h3>\n<p><span style=\"color: #ffffff;\">ARAGON\u00c9S \u00a0 \u00a0 \u00a0 \u00a0 \u00a0 \u00a0 \u00a0 \u00a0 \u00a0 \u00a0 \u00a0Papirroi, pitarroi<\/span><br \/> <span style=\"color: #ffffff;\"> CASTELLANO \u00a0 \u00a0 \u00a0 \u00a0 \u00a0 \u00a0 \u00a0 \u00a0 \u00a0 Petirrojo<\/span><br \/> <span style=\"color: #ffffff;\"> CATAL\u00c1N DE ARAG\u00d3N \u00a0 Pit-roig<\/span><\/p>\n<\/div>\n<\/div>\n<p>[\/et_pb_text][\/et_pb_column][et_pb_column type=\u00bb1_2&#8243; _builder_version=\u00bb4.3.4&#8243;][et_pb_text _builder_version=\u00bb4.3.4&#8243;]<\/p>\n<p><span style=\"color: #ffffff;\">El <strong><em>papirroi<\/em><\/strong> es uno de los p\u00e1jaros m\u00e1s emblem\u00e1ticos de la cultura occidental. Tiene 14 cm. de la cola a la punta del pico, aspecto redondeado en el que destaca su pecho rojo, pico fino y corto propio de aves insect\u00edvoras. Las partes superiores son de color verde oliva y las inferiores blancas. La cola es corta. Es tan peque\u00f1o como llamativo.\u00a0Se alimenta de artr\u00f3podos (insectos, ara\u00f1as&#8230;, invertebrados de esqueleto externo y ap\u00e9ndices articulados), cuando los encuentra y, en oto\u00f1o e invierno, cuando son m\u00e1s escasos, de frutos y semillas. Anida en el suelo, al abrigo de ra\u00edces, troncos, etc. y por eso prefiere zonas con arbustos. Es, por tanto, propio de \u00e1reas forestales. No es raro verlo en parques y jardines y, cuando el fr\u00edo aprieta, por las calles de los pueblos. De hecho, alguno de sus nombres se debe a esta costumbre, como el de <strong>paxarico nevero<\/strong>. Cuentan que, cuando nevaba mucho, entraban en las casas para evitar el temporal. En el bosque, acude, por ejemplo, a los golpes de los le\u00f1adores en los troncos, en busca de insectos, por lo que tiene fama de ser amigo de ese oficio.<\/span><\/p>\n<p>[\/et_pb_text][\/et_pb_column][\/et_pb_row][\/et_pb_section][et_pb_section fb_built=\u00bb1&#8243; specialty=\u00bbon\u00bb _builder_version=\u00bb4.3.4&#8243; background_color=\u00bb#685e57&#8243;][et_pb_column type=\u00bb1_2&#8243; specialty_columns=\u00bb2&#8243; _builder_version=\u00bb3.25&#8243; custom_padding=\u00bb|||\u00bb custom_padding__hover=\u00bb|||\u00bb][et_pb_row_inner column_structure=\u00bb1_2,1_2&#8243; _builder_version=\u00bb4.3.4&#8243;][et_pb_column_inner type=\u00bb1_2&#8243; saved_specialty_column_type=\u00bb1_2&#8243; _builder_version=\u00bb4.3.4&#8243;][et_pb_image src=\u00bbhttps:\/\/aragonnatural.lenguasdearagon.org\/wp-content\/uploads\/2020\/03\/mapa-bichos-Papirroi.png\u00bb show_in_lightbox=\u00bbon\u00bb _builder_version=\u00bb4.3.4&#8243;][\/et_pb_image][et_pb_image src=\u00bbhttps:\/\/aragonnatural.lenguasdearagon.org\/wp-content\/uploads\/2020\/03\/mapamunid_mudo_papirroi.png\u00bb show_in_lightbox=\u00bbon\u00bb _builder_version=\u00bb4.3.4&#8243;][\/et_pb_image][\/et_pb_column_inner][et_pb_column_inner type=\u00bb1_2&#8243; saved_specialty_column_type=\u00bb1_2&#8243; _builder_version=\u00bb4.3.4&#8243;][et_pb_text _builder_version=\u00bb4.3.4&#8243;]<\/p>\n<p><span style=\"color: #ffffff;\">En Arag\u00f3n es com\u00fan en las zonas con monta\u00f1as y sierras, incluidas las muelas de la depresi\u00f3n del Ebro. Desde una perspectiva global, ocupa Europa, zonas del norte de \u00c1frica y oeste de Asia (Anatolia, Ir\u00e1n, Irak, Ca\u00facaso), aunque su \u00e1rea de cr\u00eda, all\u00ed donde nidifica, se reduce pr\u00e1cticamente a Europa central y occidental. En Canarias hay varias subespecies end\u00e9micas. Su presencia es m\u00e1s amplia, pues se da una migraci\u00f3n hacia el norte de Europa en verano y al norte de \u00c1frica en invierno, con individuos que recalan a lo largo de todo el territorio intermedio.<\/span><\/p>\n<p>[\/et_pb_text][\/et_pb_column_inner][\/et_pb_row_inner][\/et_pb_column][et_pb_column type=\u00bb1_2&#8243; _builder_version=\u00bb3.25&#8243; custom_padding=\u00bb|||\u00bb custom_padding__hover=\u00bb|||\u00bb][et_pb_image src=\u00bbhttps:\/\/aragonnatural.lenguasdearagon.org\/wp-content\/uploads\/2020\/02\/aragon33.jpg\u00bb _builder_version=\u00bb4.3.4&#8243;][\/et_pb_image][\/et_pb_column][\/et_pb_section][et_pb_section fb_built=\u00bb1&#8243; _builder_version=\u00bb4.3.4&#8243; background_color=\u00bb#685e57&#8243;][et_pb_row _builder_version=\u00bb4.3.4&#8243; background_color=\u00bb#685e57&#8243;][et_pb_column type=\u00bb4_4&#8243; _builder_version=\u00bb4.3.4&#8243;][et_pb_tabs _builder_version=\u00bb4.3.4&#8243; background_color=\u00bb#685e57&#8243;][et_pb_tab title=\u00bbA Pasa o Pedrol\u00e9\u00bb _builder_version=\u00bb4.3.4&#8243; background_color=\u00bb#685e57&#8243; background_enable_color=\u00bbon\u00bb]<\/p>\n<p><span style=\"color: #ffffff;\">Se denomina <em>A Pasa o Pedrol\u00e9<\/em> en el Pirineo central al momento en el que los <strong>papirrois<\/strong> o <strong>pedrolez<\/strong> suben de sus cuarteles de refugio invernal hacia el centro y norte de Europa en su migraci\u00f3n anual. Es a mediados de marzo. Miles de estas aves vuelan al norte y paran en la vertiente sur del Pirineo para descansar o esperar, si los frentes atl\u00e1nticos cierran de nubes, nieve y agua los pasos de la monta\u00f1a. Coincid\u00eda este periodo con el agotamiento de las reservas de comida de las casas tradicionales, pues la cosecha del a\u00f1o anterior quedaba lejos y la <em>mataz\u00eda<\/em>, la matanza del cerdo, tambi\u00e9n. El campo y el monte estaban yermos reci\u00e9n acabado el invierno y no hab\u00eda frutos que recoger. Con el paso de los<strong> papirrois<\/strong> se sembraba de trampas &#8211;<em>losetas<\/em> \u2018cepos\u2019- los bordes de campos y prados, y se hac\u00eda cosecha de estos pobres animales que, a pesar de su poca carne, supon\u00edan un alivio para la dieta.<\/span><\/p>\n<p>[\/et_pb_tab][et_pb_tab title=\u00bbNombres\u00bb _builder_version=\u00bb4.3.4&#8243; background_color=\u00bb#685e57&#8243; background_enable_color=\u00bbon\u00bb]<\/p>\n<p><span style=\"color: #ffffff;\">Los nombres comunes, salvo el comentado de <strong>paxarico nevero<\/strong>, hacen referencia a su pecho rojo: pecho, papo, <em>peito<\/em>, <strong>pit<\/strong>&#8230; rojo, <em>royo<\/em>, <em>roy<\/em>, <em>roig<\/em>&#8230; <em>rubecula<\/em>, en lat\u00edn. En aragon\u00e9s hay un grupo de ellos que ha evolucionado desde <em>pet roi<\/em> (<em>peito royo<\/em>) a <em>petoi<\/em>, <em>petret<\/em>, <em>pitret<\/em>,\u00a0 <em>pedret<\/em>, <em>pedro<\/em>, <em>petrico<\/em> o <em>pedrol\u00e9<\/em>, y de <strong>papirroi<\/strong> a <em>papis<\/em>. En catal\u00e1n de Arag\u00f3n ocurre algo parecido con <em>paparroig<\/em>, <em>paparrogeta<\/em> o <em>peperroig<\/em>.<\/span><\/p>\n<p>[\/et_pb_tab][et_pb_tab title=\u00bb\u201cPapis%22&#8243; _builder_version=\u00bb4.3.4&#8243; background_color=\u00bb#685e57&#8243; background_enable_color=\u00bbon\u00bb]<\/p>\n<p><span style=\"color: #ffffff;\">Tan f\u00e1cil era su captura que uno de sus nombre, <strong>papis<\/strong>, es sin\u00f3nimo en aragon\u00e9s de bobo, pazguato. Hoy en d\u00eda por fortuna no es necesario recurrir a su captura que, por otra parte, est\u00e1 prohibida; se trata de una especie protegida. Y, a pesar de ser un p\u00e1jaro com\u00fan, tampoco es tan abundante como en otros tiempos.<\/span><\/p>\n<p>[\/et_pb_tab][et_pb_tab title=\u00bbSociedad\u00bb _builder_version=\u00bb4.3.4&#8243; background_color=\u00bb#685e57&#8243; background_enable_color=\u00bbon\u00bb]<\/p>\n<p><span style=\"color: #ffffff;\">Adem\u00e1s de la revista infantil escrita en aragon\u00e9s que enlazamos debajo, <strong>Pitarroi <\/strong>es el nombre de una coral benasquesa<em>, Els Pitarrois del Freixe<\/em>, y de un trofeo de esqu\u00ed alev\u00edn de la Estaci\u00f3n de Esqu\u00ed de Cerler.<\/span><\/p>\n<p>[\/et_pb_tab][\/et_pb_tabs][\/et_pb_column][\/et_pb_row][\/et_pb_section][et_pb_section fb_built=\u00bb1&#8243; _builder_version=\u00bb4.3.4&#8243; background_color=\u00bb#685e57&#8243;][et_pb_row column_structure=\u00bb1_3,2_3&#8243; _builder_version=\u00bb4.3.4&#8243;][et_pb_column type=\u00bb1_3&#8243; _builder_version=\u00bb4.3.4&#8243;][et_pb_button button_url=\u00bbhttp:\/\/www.roldedeestudiosaragoneses.org\/papirroi-revista-infantil-en-aragones-64\/\u00bb button_text=\u00bbRevista \u201cPapirroi%22&#8243; button_alignment=\u00bbcenter\u00bb _builder_version=\u00bb4.3.4&#8243; custom_button=\u00bbon\u00bb button_icon=\u00bb%%72%%\u00bb button_icon_color=\u00bb#000000&#8243; button_icon_placement=\u00bbleft\u00bb button_on_hover=\u00bboff\u00bb custom_padding=\u00bb|||41px|false|false\u00bb][\/et_pb_button][et_pb_button button_url=\u00bbhttps:\/\/youtu.be\/7_oflL5SL0o\u00bb button_text=\u00bbVideo\u00bb button_alignment=\u00bbcenter\u00bb _builder_version=\u00bb4.3.4&#8243; custom_button=\u00bbon\u00bb button_icon=\u00bb%%129%%\u00bb button_icon_color=\u00bb#000000&#8243; button_icon_placement=\u00bbleft\u00bb button_on_hover=\u00bboff\u00bb custom_padding=\u00bb|||41px|false|false\u00bb][\/et_pb_button][et_pb_button button_url=\u00bbhttps:\/\/youtu.be\/T_8iyaTA1jU\u00bb button_text=\u00bbCanto\u00bb button_alignment=\u00bbcenter\u00bb _builder_version=\u00bb4.3.4&#8243; custom_button=\u00bbon\u00bb button_icon=\u00bb%%89%%\u00bb button_icon_color=\u00bb#000000&#8243; button_icon_placement=\u00bbleft\u00bb button_on_hover=\u00bboff\u00bb custom_padding=\u00bb|||41px|false|false\u00bb][\/et_pb_button][et_pb_button button_url=\u00bbhttps:\/\/www.seo.org\/ave\/petirrojo-europeo\/\u00bb button_text=\u00bbM\u00e1s Info\u00bb button_alignment=\u00bbcenter\u00bb _builder_version=\u00bb4.3.4&#8243; custom_button=\u00bbon\u00bb button_icon=\u00bb%%84%%\u00bb button_icon_color=\u00bb#000000&#8243; button_icon_placement=\u00bbleft\u00bb button_on_hover=\u00bboff\u00bb custom_padding=\u00bb|||41px|false|false\u00bb][\/et_pb_button][\/et_pb_column][et_pb_column type=\u00bb2_3&#8243; _builder_version=\u00bb4.3.4&#8243;][et_pb_gallery gallery_ids=\u00bb1157,1156,1155,1154,1152,1151&#8243; fullwidth=\u00bbon\u00bb _builder_version=\u00bb4.3.4&#8243;][\/et_pb_gallery][\/et_pb_column][\/et_pb_row][\/et_pb_section]<\/p>\n","protected":false},"excerpt":{"rendered":"<p>Erithacus rubecula L. ARAGON\u00c9S \u00a0 \u00a0 \u00a0 \u00a0 \u00a0 \u00a0 \u00a0 \u00a0 \u00a0 \u00a0 \u00a0Papirroi, pitarroi CASTELLANO \u00a0 \u00a0 \u00a0 \u00a0 \u00a0 \u00a0 \u00a0 \u00a0 \u00a0 Petirrojo CATAL\u00c1N DE ARAG\u00d3N \u00a0 Pit-roig El papirroi es uno de los p\u00e1jaros m\u00e1s emblem\u00e1ticos de la cultura occidental. Tiene 14 cm. de la cola a la punta del [&hellip;]<\/p>\n","protected":false},"author":4,"featured_media":676,"comment_status":"open","ping_status":"closed","template":"","meta":{"_et_pb_use_builder":"on","_et_pb_old_content":"","_et_gb_content_width":"","footnotes":""},"project_category":[7],"project_tag":[],"class_list":["post-856","project","type-project","status-publish","has-post-thumbnail","hentry","project_category-aves"],"_links":{"self":[{"href":"https:\/\/aragonnatural.lenguasdearagon.org\/index.php\/wp-json\/wp\/v2\/project\/856","targetHints":{"allow":["GET"]}}],"collection":[{"href":"https:\/\/aragonnatural.lenguasdearagon.org\/index.php\/wp-json\/wp\/v2\/project"}],"about":[{"href":"https:\/\/aragonnatural.lenguasdearagon.org\/index.php\/wp-json\/wp\/v2\/types\/project"}],"author":[{"embeddable":true,"href":"https:\/\/aragonnatural.lenguasdearagon.org\/index.php\/wp-json\/wp\/v2\/users\/4"}],"replies":[{"embeddable":true,"href":"https:\/\/aragonnatural.lenguasdearagon.org\/index.php\/wp-json\/wp\/v2\/comments?post=856"}],"version-history":[{"count":8,"href":"https:\/\/aragonnatural.lenguasdearagon.org\/index.php\/wp-json\/wp\/v2\/project\/856\/revisions"}],"predecessor-version":[{"id":2265,"href":"https:\/\/aragonnatural.lenguasdearagon.org\/index.php\/wp-json\/wp\/v2\/project\/856\/revisions\/2265"}],"wp:featuredmedia":[{"embeddable":true,"href":"https:\/\/aragonnatural.lenguasdearagon.org\/index.php\/wp-json\/wp\/v2\/media\/676"}],"wp:attachment":[{"href":"https:\/\/aragonnatural.lenguasdearagon.org\/index.php\/wp-json\/wp\/v2\/media?parent=856"}],"wp:term":[{"taxonomy":"project_category","embeddable":true,"href":"https:\/\/aragonnatural.lenguasdearagon.org\/index.php\/wp-json\/wp\/v2\/project_category?post=856"},{"taxonomy":"project_tag","embeddable":true,"href":"https:\/\/aragonnatural.lenguasdearagon.org\/index.php\/wp-json\/wp\/v2\/project_tag?post=856"}],"curies":[{"name":"wp","href":"https:\/\/api.w.org\/{rel}","templated":true}]}}

<p>[et_pb_section fb_built=»1&#8243; fullwidth=»on» _builder_version=»4.3.4&#8243; use_background_color_gradient=»on» background_image=»https://aragonnatural.lenguasdearagon.org/wp-content/uploads/2020/03/robin-2854133.jpeg» parallax=»on» custom_padding=»||347px|||»][/et_pb_section][et_pb_section fb_built=»1&#8243; _builder_version=»4.3.4&#8243; background_color=»#685e57&#8243;][et_pb_row column_structure=»1_2,1_2&#8243; _builder_version=»4.3.4&#8243;][et_pb_column type=»1_2&#8243; _builder_version=»4.3.4&#8243;][et_pb_text _builder_version=»4.3.4&#8243;]</p>
<div class="et_pb_module et_pb_text et_pb_text_0  et_pb_text_align_left et_pb_bg_layout_light">
<div class="et_pb_text_inner">
<h3><span style="color: #ffffff;"><i>Erithacus rubecula </i>L.</span></h3>
<p><span style="color: #ffffff;">ARAGONÉS                      Papirroi, pitarroi</span><br /> <span style="color: #ffffff;"> CASTELLANO                   Petirrojo</span><br /> <span style="color: #ffffff;"> CATALÁN DE ARAGÓN   Pit-roig</span></p>
</div>
</div>
<p>[/et_pb_text][/et_pb_column][et_pb_column type=»1_2&#8243; _builder_version=»4.3.4&#8243;][et_pb_text _builder_version=»4.3.4&#8243;]</p>
<p><span style="color: #ffffff;">El <strong><em>papirroi</em></strong> es uno de los pájaros más emblemáticos de la cultura occidental. Tiene 14 cm. de la cola a la punta del pico, aspecto redondeado en el que destaca su pecho rojo, pico fino y corto propio de aves insectívoras. Las partes superiores son de color verde oliva y las inferiores blancas. La cola es corta. Es tan pequeño como llamativo. Se alimenta de artrópodos (insectos, arañas&#8230;, invertebrados de esqueleto externo y apéndices articulados), cuando los encuentra y, en otoño e invierno, cuando son más escasos, de frutos y semillas. Anida en el suelo, al abrigo de raíces, troncos, etc. y por eso prefiere zonas con arbustos. Es, por tanto, propio de áreas forestales. No es raro verlo en parques y jardines y, cuando el frío aprieta, por las calles de los pueblos. De hecho, alguno de sus nombres se debe a esta costumbre, como el de <strong>paxarico nevero</strong>. Cuentan que, cuando nevaba mucho, entraban en las casas para evitar el temporal. En el bosque, acude, por ejemplo, a los golpes de los leñadores en los troncos, en busca de insectos, por lo que tiene fama de ser amigo de ese oficio.</span></p>
<p>[/et_pb_text][/et_pb_column][/et_pb_row][/et_pb_section][et_pb_section fb_built=»1&#8243; specialty=»on» _builder_version=»4.3.4&#8243; background_color=»#685e57&#8243;][et_pb_column type=»1_2&#8243; specialty_columns=»2&#8243; _builder_version=»3.25&#8243; custom_padding=»|||» custom_padding__hover=»|||»][et_pb_row_inner column_structure=»1_2,1_2&#8243; _builder_version=»4.3.4&#8243;][et_pb_column_inner type=»1_2&#8243; saved_specialty_column_type=»1_2&#8243; _builder_version=»4.3.4&#8243;][et_pb_image src=»https://aragonnatural.lenguasdearagon.org/wp-content/uploads/2020/03/mapa-bichos-Papirroi.png» show_in_lightbox=»on» _builder_version=»4.3.4&#8243;][/et_pb_image][et_pb_image src=»https://aragonnatural.lenguasdearagon.org/wp-content/uploads/2020/03/mapamunid_mudo_papirroi.png» show_in_lightbox=»on» _builder_version=»4.3.4&#8243;][/et_pb_image][/et_pb_column_inner][et_pb_column_inner type=»1_2&#8243; saved_specialty_column_type=»1_2&#8243; _builder_version=»4.3.4&#8243;][et_pb_text _builder_version=»4.3.4&#8243;]</p>
<p><span style="color: #ffffff;">En Aragón es común en las zonas con montañas y sierras, incluidas las muelas de la depresión del Ebro. Desde una perspectiva global, ocupa Europa, zonas del norte de África y oeste de Asia (Anatolia, Irán, Irak, Caúcaso), aunque su área de cría, allí donde nidifica, se reduce prácticamente a Europa central y occidental. En Canarias hay varias subespecies endémicas. Su presencia es más amplia, pues se da una migración hacia el norte de Europa en verano y al norte de África en invierno, con individuos que recalan a lo largo de todo el territorio intermedio.</span></p>
<p>[/et_pb_text][/et_pb_column_inner][/et_pb_row_inner][/et_pb_column][et_pb_column type=»1_2&#8243; _builder_version=»3.25&#8243; custom_padding=»|||» custom_padding__hover=»|||»][et_pb_image src=»https://aragonnatural.lenguasdearagon.org/wp-content/uploads/2020/02/aragon33.jpg» _builder_version=»4.3.4&#8243;][/et_pb_image][/et_pb_column][/et_pb_section][et_pb_section fb_built=»1&#8243; _builder_version=»4.3.4&#8243; background_color=»#685e57&#8243;][et_pb_row _builder_version=»4.3.4&#8243; background_color=»#685e57&#8243;][et_pb_column type=»4_4&#8243; _builder_version=»4.3.4&#8243;][et_pb_tabs _builder_version=»4.3.4&#8243; background_color=»#685e57&#8243;][et_pb_tab title=»A Pasa o Pedrolé» _builder_version=»4.3.4&#8243; background_color=»#685e57&#8243; background_enable_color=»on»]</p>
<p><span style="color: #ffffff;">Se denomina <em>A Pasa o Pedrolé</em> en el Pirineo central al momento en el que los <strong>papirrois</strong> o <strong>pedrolez</strong> suben de sus cuarteles de refugio invernal hacia el centro y norte de Europa en su migración anual. Es a mediados de marzo. Miles de estas aves vuelan al norte y paran en la vertiente sur del Pirineo para descansar o esperar, si los frentes atlánticos cierran de nubes, nieve y agua los pasos de la montaña. Coincidía este periodo con el agotamiento de las reservas de comida de las casas tradicionales, pues la cosecha del año anterior quedaba lejos y la <em>matazía</em>, la matanza del cerdo, también. El campo y el monte estaban yermos recién acabado el invierno y no había frutos que recoger. Con el paso de los<strong> papirrois</strong> se sembraba de trampas &#8211;<em>losetas</em> ‘cepos’- los bordes de campos y prados, y se hacía cosecha de estos pobres animales que, a pesar de su poca carne, suponían un alivio para la dieta.</span></p>
<p>[/et_pb_tab][et_pb_tab title=»Nombres» _builder_version=»4.3.4&#8243; background_color=»#685e57&#8243; background_enable_color=»on»]</p>
<p><span style="color: #ffffff;">Los nombres comunes, salvo el comentado de <strong>paxarico nevero</strong>, hacen referencia a su pecho rojo: pecho, papo, <em>peito</em>, <strong>pit</strong>&#8230; rojo, <em>royo</em>, <em>roy</em>, <em>roig</em>&#8230; <em>rubecula</em>, en latín. En aragonés hay un grupo de ellos que ha evolucionado desde <em>pet roi</em> (<em>peito royo</em>) a <em>petoi</em>, <em>petret</em>, <em>pitret</em>,  <em>pedret</em>, <em>pedro</em>, <em>petrico</em> o <em>pedrolé</em>, y de <strong>papirroi</strong> a <em>papis</em>. En catalán de Aragón ocurre algo parecido con <em>paparroig</em>, <em>paparrogeta</em> o <em>peperroig</em>.</span></p>
<p>[/et_pb_tab][et_pb_tab title=»“Papis%22&#8243; _builder_version=»4.3.4&#8243; background_color=»#685e57&#8243; background_enable_color=»on»]</p>
<p><span style="color: #ffffff;">Tan fácil era su captura que uno de sus nombre, <strong>papis</strong>, es sinónimo en aragonés de bobo, pazguato. Hoy en día por fortuna no es necesario recurrir a su captura que, por otra parte, está prohibida; se trata de una especie protegida. Y, a pesar de ser un pájaro común, tampoco es tan abundante como en otros tiempos.</span></p>
<p>[/et_pb_tab][et_pb_tab title=»Sociedad» _builder_version=»4.3.4&#8243; background_color=»#685e57&#8243; background_enable_color=»on»]</p>
<p><span style="color: #ffffff;">Además de la revista infantil escrita en aragonés que enlazamos debajo, <strong>Pitarroi </strong>es el nombre de una coral benasquesa<em>, Els Pitarrois del Freixe</em>, y de un trofeo de esquí alevín de la Estación de Esquí de Cerler.</span></p>
<p>[/et_pb_tab][/et_pb_tabs][/et_pb_column][/et_pb_row][/et_pb_section][et_pb_section fb_built=»1&#8243; _builder_version=»4.3.4&#8243; background_color=»#685e57&#8243;][et_pb_row column_structure=»1_3,2_3&#8243; _builder_version=»4.3.4&#8243;][et_pb_column type=»1_3&#8243; _builder_version=»4.3.4&#8243;][et_pb_button button_url=»http://www.roldedeestudiosaragoneses.org/papirroi-revista-infantil-en-aragones-64/» button_text=»Revista “Papirroi%22&#8243; button_alignment=»center» _builder_version=»4.3.4&#8243; custom_button=»on» button_icon=»%%72%%» button_icon_color=»#000000&#8243; button_icon_placement=»left» button_on_hover=»off» custom_padding=»|||41px|false|false»][/et_pb_button][et_pb_button button_url=»https://youtu.be/7_oflL5SL0o» button_text=»Video» button_alignment=»center» _builder_version=»4.3.4&#8243; custom_button=»on» button_icon=»%%129%%» button_icon_color=»#000000&#8243; button_icon_placement=»left» button_on_hover=»off» custom_padding=»|||41px|false|false»][/et_pb_button][et_pb_button button_url=»https://youtu.be/T_8iyaTA1jU» button_text=»Canto» button_alignment=»center» _builder_version=»4.3.4&#8243; custom_button=»on» button_icon=»%%89%%» button_icon_color=»#000000&#8243; button_icon_placement=»left» button_on_hover=»off» custom_padding=»|||41px|false|false»][/et_pb_button][et_pb_button button_url=»https://www.seo.org/ave/petirrojo-europeo/» button_text=»Más Info» button_alignment=»center» _builder_version=»4.3.4&#8243; custom_button=»on» button_icon=»%%84%%» button_icon_color=»#000000&#8243; button_icon_placement=»left» button_on_hover=»off» custom_padding=»|||41px|false|false»][/et_pb_button][/et_pb_column][et_pb_column type=»2_3&#8243; _builder_version=»4.3.4&#8243;][et_pb_gallery gallery_ids=»1157,1156,1155,1154,1152,1151&#8243; fullwidth=»on» _builder_version=»4.3.4&#8243;][/et_pb_gallery][/et_pb_column][/et_pb_row][/et_pb_section]</p>

<p>Erithacus rubecula L. ARAGONÉS                      Papirroi, pitarroi CASTELLANO                   Petirrojo CATALÁN DE ARAGÓN   Pit-roig El papirroi es uno de los pájaros más emblemáticos de la cultura occidental. Tiene 14 cm. de la cola a la punta del [&hellip;]</p>
